 is 3 + 95?
98
In base 13, what is 5 - 2b62?
-2b5a
In base 11, what is -4 - -2449?
2445
In base 14, what is -207db5 - 3?
-207db8
In base 16, what is -1d8 + -1b9e?
-1d76
In base 13, what is -6997 + 3?
-6994
In base 10, what is -9090508 - 4?
-9090512
In base 7, what is 14102 + 21?
14123
In base 13, what is 27850b + 4?
278512
In base 5, what is 2130 + -222?
1403
In base 3, what is -1002 + -2000010?
-2001012
In base 15, what is 4a + 5e8?
643
In base 10, what is 1007 + -9?
998
In base 13, what is -9400 + -1?
-9401
In base 13, what is -14 - 317c?
-3193
In base 13, what is -1a81 - -24?
-1a5a
In base 5, what is 30441 - 241?
30200
In base 8, what is 156 + 44700?
45056
In base 9, what is 0 - 2221?
-2221
In base 6, what is 13 + 5311?
5324
In base 14, what is -70dc + -24?
-7122
In base 3, what is 100000 + -101121?
-1121
In base 3, what is -12001002 - -1010220?
-10220012
In base 14, what is -4 - -d88?
d84
In base 8, what is 212 - 1250?
-1036
In base 4, what is -213 - -212333?
212120
In base 8, what is -1 + 153376?
153375
In base 6, what is 23 + 11305?
11332
In base 4, what is 202132 - -2100?
210232
In base 4, what is 3103203 - 132?
3103011
In base 6, what is 15141 - -41?
15222
In base 14, what is -3 - 8b264?
-8b267
In base 11, what is -a5 + 779?
684
In base 14, what is 313d6b - 2?
313d69
In base 2, what is -1001001110111 - 10?
-1001001111001
In base 15, what is 1b - c3b4?
-c398
In base 5, what is 41 + -3342?
-3301
In base 5, what is -2031302 + 3?
-2031244
In base 10, what is 11249 - -1?
11250
In base 15, what is -64 + -1596e?
-159d3
In base 11, what is 1130 + -142?
a99
In base 6, what is -330 + 12?
-314
In base 10, what is 755 - -296?
1051
In base 14, what is 5d - 58?
5
In base 8, what is -13 + -2515612?
-2515625
In base 8, what is 213 + 1166?
1401
In base 6, what is 4 + 525041?
525045
In base 11, what is -5 - 2377?
-2381
In base 3, what is 12010121 + -1201?
12001220
In base 10, what is 43 - -530?
573
In base 8, what is 15 + 162754?
162771
In base 16, what is 2f94 + 1a?
2fae
In base 12, what is 398a + b7?
3a85
In base 15, what is ab4b + -4?
ab47
In base 14, what is 18 + 2c?
46
In base 5, what is -23402121 - -3?
-23402113
In base 12, what is -3 + -1b889?
-1b890
In base 11, what is 44a - 3361?
-2a12
In base 6, what is 5 + -110554?
-110545
In base 9, what is 555056 + -1?
555055
In base 5, what is 20 + -2132004?
-2131434
In base 16, what is 4 - 56e9d?
-56e99
In base 13, what is 248 + -6c?
1a9
In base 5, what is 34 + 12024?
12113
In base 10, what is 99 + -2141?
-2042
In base 10, what is 98 - 39?
59
In base 5, what is 120334 + -10?
120324
In base 7, what is -12130415 + -4?
-12130422
In base 4, what is 10 + -123011?
-123001
In base 3, what is 1212 - 1000010?
-221021
In base 6, what is 11533 + 4013?
15550
In base 15, what is -7e66 + 4?
-7e62
In base 8, what is -156 - 12227?
-12405
In base 3, what is 11 + -1101202110?
-1101202022
In base 15, what is 4 - 10c26?
-10c22
In base 8, what is -10 + 7043?
7033
In base 16, what is 1034cf + 4?
1034d3
In base 15, what is -255 - -32d?
c8
In base 14, what is 2 - -2d661?
2d663
In base 13, what is 2 + -18844?
-18842
In base 10, what is 20251 - -12?
20263
In base 14, what is 3c + 268?
2a6
In base 16, what is f - -a1dc?
a1eb
In base 5, what is 10 - 133220141?
-133220131
In base 5, what is 23300 - -10?
23310
In base 11, what is 5 + -15069a?
-150695
In base 13, what is 5 + 189958?
189960
In base 9, what is 2370477 - -2?
2370480
In base 10, what is -4128152 - -3?
-4128149
In base 14, what is -59cdba + -3?
-59cdbd
In base 13, what is -2a20 + -44?
-2a64
In base 15, what is 2 - -3d7b?
3d7d
In base 5, what is 3 - 3222?
-3214
In base 14, what is -662 - -9?
-657
In base 14, what is -1d9b - 26?
-1dc3
In base 15, what is 17 - 4494?
-447c
In base 10, what is -10080 - 6?
-10086
In base 11, what is -6883 - -10?
-6873
In base 14, what is b9 + -28?
91
In base 6, what is 43 - 55134?
-55051
In base 7, what is -163421 + -6?
-163430
In base 5, what is -4020 + 11010?
1440
In base 8, what is -5 + 57501?
57474
In base 15, what is 89c4 + -5?
89be
In base 2, what is -11001 - 111100001?
-111111010
In base 11, what is 52280 + 0?
52280
In base 12, what is -5 + 38172?
38169
In base 16, what is -28 - 307?
-32f
In base 12, what is 2a2785 - -4?
2a2789
In base 9, what is -366 + 5?
-361
In base 13, what is a58 - -212?
c6a
In base 4, what is -1223203 - 10031?
-1233300
In base 13, what is 6 - cb?
-c5
In base 16, what is 4a6 + 33?
4d9
In base 16, what is 1 - -27c2?
27c3
In base 11, what is 77 + a03?
a7a
In base 4, what is 11 - -121111?
121122
In base 4, what is -313 + 101122203?
101121230
In base 12, what is -2 - -12b1bb?
12b1b9
In base 14, what is -41 + a1a?
9b9
In base 11, what is -35 + -35373?
-353a8
In base 2, what is 1011110 + 1111010110111?
1111100010101
In base 6, what is -101554 + 4?
-101550
In base 5, what is -44332 - 12?
-44344
In base 3, what is 2021021 - 112?
2020202
In base 9, what is -787732 + 4?
-787727
In base 15, what is -3 - 171c?
-1720
In base 2, what is -1100111011 - -1100101101?
-1110
In base 12, what is 4 + a82b?
a833
In base 2, what is -10001001 - 101100011?
-111101100
In base 5, what is 322331 - -2?
322333
In base 7, what is -662364 - -1?
-662363
In base 5, what is -310 + 330?
20
In base 11, what is -5 - 373276?
-373280
In base 3, what is -10111001 + 100010?
-10010221
In base 2, what is 11 - 1000010100011101100?
-1000010100011101001
In base 11, what is 4 - 17589?
-17585
In base 13, what is -17a - 17?
-194
In base 6, what is 15334 + 1?
15335
In base 2, what is 10000 + 10011100111010?
10011101001010
In base 4, what is -3 + 3103113?
3103110
In base 16, what is -3 - -5f5c6?
5f5c3
In base 5, what is 23443 + -2?
23441
In base 15, what is -3 + -4b890?
-4b893
In base 5, what is 11301410 - 12?
11301343
In base 5, what is 224201443 - -2?
224202000
In base 9, what is 5 - -44?
50
In base 11, what is -1873 - -a0?
-1783
In base 3, what is 2 + 1100202002?
1100202011
In base 6, what is -20425 + -3014?
-23443
In base 10, what is 1 - 201719?
-201718
In base 8, what is 17 - -447116?
447135
In base 15, what is ad9 - 59?
a80
In base 15, what is -b19 - -d2?
-a37
In base 7, what is -10664264 - 3?
-10664300
In base 5, what is 1044 + -23042?
-21443
In base 14, what is 78 - 6d?
9
In base 13, what is 858b - -1?
858c
In base 13, what is -517c - 5?
-5184
In base 10, what is 28 - -5008?
5036
In base 8, what is -423 + 4205?
3562
In base 2, what is 10011110100011 + 11?
10011110100110
In base 13, what is 393 + 3c?
402
In base 4, what is 2120330 + 1?
2120331
In base 12, what is -5ab + -3?
-5b2
In base 3, what is -2202 + -1002022?
-1012001
In base 14, what is -c56 + -52d?
-1385
In base 13, what is 272a1 + 1?
272a2
In base 13, what is -16177 - -8?
-1616c
In base 10, what is 2 + -50234?
-50232
In base 16, what is 4cd55d - -5?
4cd562
In base 3, what is -12 - -1201100201?
1201100112
In base 13, what is -1728 + -104?
-182c
In base 15, what is 326 + 44b?
772
In base 15, what is 148 + a1?
1e9
In base 15, what is -84e + 5?
-849
In base 16, what is 53db - 4c?
538f
In base 7, what is 5 - -12525?
12533
In base 16, what is -10d9 + 4?
-10d5
In base 6, what is 130 - 22545?
-22415
In base 14, what is d6ac + 3b?
d709
In base 10, what is -382 - 14?
-396
In base 9, what is -46651 + 1?
-46650
In base 15, what is -3 + -305e?
-3062
In base 11, what is 4 + -12a923?
-12a91a
In base 5, what is -3220440 + 302?
-3220133
In base 6, what is 4 - 111441034?
-111441030
In base 14, what is 2a + -c70?
-c44
In base 15, what is 1744 - 10a?
1639
In base 6, what is -234333 - -101?
-234232
In base 10, what is 22473 + 1?
22474
In base 14, what is -b - 5d0d0?
-5d0db
In base 15, what is -450 - 71?
-4c1
In base 13, what is -11 + -2549?
-255a
In base 6, what is 2405134 - 2?
2405132
In base 11, what is -aa2a3 + 4?
-aa29a
In base 2, what is 1101 - -111111100100100?
111111100110001
In base 6, what is -520 + 25534?
25014
In base 14, what is d2aa - 5?
d2a5
In base 8, what is 2 - 603707?
-603705
In base 9, what is -2 - -35271?
35268
In base 12, what is 3412233 - 3?
3412230
In base 7, what is -63 - -13102?
13006
In base 7, what is 43426024 - -2?
43426026
In base 11, what is -15 - -216aa?
21695
In base 5, what is 10301 + -200431?
-140130
In base 8, what is 14 + -12714?
-12700
In base 12, what is 44 - 7825?
-77a1
In base 9, 